{"id":2,"date":"2020-07-01T12:56:18","date_gmt":"2020-07-01T10:56:18","guid":{"rendered":"http:\/\/tmsfrancesud.fr\/?page_id=2"},"modified":"2020-07-03T13:56:03","modified_gmt":"2020-07-03T11:56:03","slug":"clientele","status":"publish","type":"page","link":"https:\/\/tmsfrancesud.fr\/index.php\/clientele\/","title":{"rendered":"Client\u00e8le"},"content":{"rendered":"<div id=\"themify_builder_content-2\" data-postid=\"2\" class=\"themify_builder_content themify_builder_content-2 themify_builder\">\n    \t<!-- module_row -->\n\t<div   class=\"themify_builder_row module_row clearfix module_row_0 themify_builder_2_row module_row_2-0 tb_o6yg914\">\n\t    \t    <div class=\"row_inner col_align_top\" >\n\t\t\t<div  class=\"module_column tb-column col-full first tb_2_column module_column_0 module_column_2-0-0 tb_n8nt914\">\n\t    \t    \t        <div class=\"tb-column-inner\">\n\t\t    <!-- module text -->\n<div  class=\"module module-text tb_sryn306    \">\n            <div  class=\"tb_text_wrap\">\n    <h3 style=\"text-align: center;\">Merci pour votre confiance<\/h3>    <\/div>\n<\/div>\n<!-- \/module text -->\n\t        <\/div>\n\t    \t<\/div>\n\t\t    <\/div>\n\t    <!-- \/row_inner -->\n\t<\/div>\n\t<!-- \/module_row -->\n\t\t<!-- module_row -->\n\t<div  class=\"themify_builder_row module_row clearfix module_row_1 themify_builder_2_row module_row_2-1 tb_hwmp677\">\n\t    \t    <div class=\"row_inner col_align_top\" >\n\t\t\t<div  class=\"module_column tb-column col2-1 first tb_2_column module_column_0 module_column_2-1-0 tb_v555679\">\n\t    \t    \t        <div class=\"tb-column-inner\">\n\t\t        <!-- module image -->\n    <div  class=\"module module-image tb_6vvt675  image-center  \">\n\t                <div class=\"image-wrap\">\n                            <img decoding=\"async\" src=\"https:\/\/tmsfrancesud.fr\/wp-content\/uploads\/2020\/07\/1024px-Logo-NGE.svg-1024x510-301x150.png\" height=\"150\" class=\" wp-post-image wp-image-102\" title=\"1024px-Logo-NGE.svg\" alt=\"1024px-Logo-NGE.svg\" srcset=\"https:\/\/tmsfrancesud.fr\/wp-content\/uploads\/2020\/07\/1024px-Logo-NGE.svg-1024x510-301x150.png 301w, https:\/\/tmsfrancesud.fr\/wp-content\/uploads\/2020\/07\/1024px-Logo-NGE.svg-300x149.png 300w, https:\/\/tmsfrancesud.fr\/wp-content\/uploads\/2020\/07\/1024px-Logo-NGE.svg-768x383.png 768w, https:\/\/tmsfrancesud.fr\/wp-content\/uploads\/2020\/07\/1024px-Logo-NGE.svg.png 1024w\" sizes=\"(max-width: 301px) 100vw, 301px\" \/>            \n                        <\/div>\n            <!-- \/image-wrap -->\n        \n        \n        <\/div>\n    <!-- \/module image -->\n<!-- module text -->\n<div  class=\"module module-text tb_w3hp349    \">\n            <div  class=\"tb_text_wrap\">\n    <div id=\"comp-k71pniq2\" class=\"mc1\" data-content-width=\"490\" data-is-mesh=\"true\">\n<div id=\"comp-k71pniq2container\" class=\"mc1container\">\n<div id=\"comp-k71pniq2inlineContentParent\" class=\"mc1inlineContentParent\">\n<div id=\"comp-k71pniq2inlineContent\" class=\"mc1inlineContent\">\n<div id=\"comp-k71pniq2inlineContent-gridWrapper\" data-mesh-internal=\"true\">\n<div id=\"comp-k71pniq2inlineContent-gridContainer\" data-mesh-internal=\"true\">\n<div id=\"comp-k71pniqm\" class=\"txtNew\" data-packed=\"true\" data-vertical-text=\"false\">\n<div id=\"comp-k71pniqi\" class=\"txtNew\" data-packed=\"true\" data-vertical-text=\"false\">\n<h3 class=\"font_2\" style=\"text-align: center;\">Groupe de travaux publics<\/h3>\n<p class=\"font_2\" style=\"text-align: center;\">Depuis 2017, NGE a su nous faire confiance et continue de nous suivre depuis tant d&rsquo;ann\u00e9es.\u00a0<\/p>\n<\/div>\n<\/div>\n<div id=\"comp-k8cwppv9\" class=\"style-k71m9rhd\" data-svg-id=\"06f469158f5346a3be7e4100e38370cd.svg\" data-svg-type=\"shape\" data-display-mode=\"stretch\" data-strokewidth=\"0\" data-viewbox=\"0 0 200 200\" data-preserve-viewbox=\"ignore\">\n<div id=\"comp-k8cwppv9link\" class=\"style-k71m9rhdlink\">\n<div id=\"comp-k8cwppv9svg\" class=\"style-k71m9rhd_comp-k8cwppv9 style-k71m9rhd_non-scaling-stroke style-k71m9rhdsvg\">\u00a0<\/div>\n<\/div>\n<\/div>\n<div id=\"comp-k71pniqp-rotated-wrapper\" data-mesh-internal=\"true\">\n<div id=\"comp-k71pniqp\" class=\"style-k71pniqy\" data-svg-id=\"d056319704ff4681ace04da1b153c69a.svg\" data-svg-type=\"shape\" data-display-mode=\"legacyFit\" data-strokewidth=\"0\" data-viewbox=\"0 0 200 200\" data-preserve-viewbox=\"ignore\" data-angle=\"180\" data-angle-style-location=\"style\">\n<div id=\"comp-k71pniqplink\" class=\"style-k71pniqylink\">\n<div id=\"comp-k71pniqpsvg\" class=\"style-k71pniqy_comp-k71pniqp style-k71pniqy_non-scaling-stroke style-k71pniqysvg\">\u00a0<\/div>\n<\/div>\n<\/div>\n<\/div>\n<\/div>\n<\/div>\n<\/div>\n<\/div>\n<\/div>\n<\/div>\n<div id=\"comp-k71pnir0\" class=\"mc1\" data-content-width=\"479\" data-is-mesh=\"true\">\n<div id=\"comp-k71pnir0container\" class=\"mc1container\">\n<div id=\"comp-k71pnir0balata\" class=\"mc1balata\" data-page-id=\"as5gq\" data-enable-video=\"true\" data-bg-effect-name=\"\" data-full-screen-height=\"\" data-media-type=\"\" data-use-clip-path=\"\" data-needs-clipping=\"\" data-wix-video-layout=\"true\">\n<div id=\"comp-k71pnir0balatabgcolor\" class=\"bgColor\">\u00a0<\/div>\n<\/div>\n<\/div>\n<\/div>    <\/div>\n<\/div>\n<!-- \/module text -->\n\t        <\/div>\n\t    \t<\/div>\n\t\t<div  class=\"module_column tb-column col2-1 last tb_2_column module_column_1 module_column_2-1-1 tb_w0il681\">\n\t    \t    \t        <div class=\"tb-column-inner\">\n\t\t        <!-- module image -->\n    <div  class=\"module module-image tb_hffu73  image-center  \">\n\t                <div class=\"image-wrap\">\n                            <img decoding=\"async\" src=\"https:\/\/tmsfrancesud.fr\/wp-content\/uploads\/2020\/07\/Logo_Eiffage_Construction-386x150.png\" height=\"150\" class=\" wp-post-image wp-image-101\" title=\"Logo_Eiffage_Construction\" alt=\"Logo_Eiffage_Construction\" srcset=\"https:\/\/tmsfrancesud.fr\/wp-content\/uploads\/2020\/07\/Logo_Eiffage_Construction-386x150.png 386w, https:\/\/tmsfrancesud.fr\/wp-content\/uploads\/2020\/07\/Logo_Eiffage_Construction-300x117.png 300w, https:\/\/tmsfrancesud.fr\/wp-content\/uploads\/2020\/07\/Logo_Eiffage_Construction.png 332w\" sizes=\"(max-width: 386px) 100vw, 386px\" \/>            \n                        <\/div>\n            <!-- \/image-wrap -->\n        \n        \n        <\/div>\n    <!-- \/module image -->\n<!-- module text -->\n<div  class=\"module module-text tb_uu3420    \">\n            <div  class=\"tb_text_wrap\">\n    <div id=\"comp-k71pniq2\" class=\"mc1\" data-content-width=\"490\" data-is-mesh=\"true\">\n<div id=\"comp-k71pniq2container\" class=\"mc1container\">\n<div id=\"comp-k71pniq2inlineContentParent\" class=\"mc1inlineContentParent\">\n<div id=\"comp-k71pniq2inlineContent\" class=\"mc1inlineContent\">\n<div id=\"comp-k71pniq2inlineContent-gridWrapper\" data-mesh-internal=\"true\">\n<div id=\"comp-k71pniq2inlineContent-gridContainer\" data-mesh-internal=\"true\">\n<div id=\"comp-k71pniqm\" class=\"txtNew\" data-packed=\"true\" data-vertical-text=\"false\">\n<div id=\"comp-k71pniqi\" class=\"txtNew\" data-packed=\"true\" data-vertical-text=\"false\">\n<div id=\"comp-k71pnir6\" class=\"txtNew\" data-packed=\"true\" data-vertical-text=\"false\">\n<h4 class=\"font_2\" style=\"text-align: center;\">Groupe de constructions et concessions<\/h4>\n<\/div>\n<div id=\"comp-k71pnir3\" class=\"txtNew\" data-packed=\"true\" data-vertical-text=\"false\">\u00a0<\/div>\n<p class=\"font_2\" style=\"text-align: center;\">Eiffage Construction nous suit depuis 2017 et nous fait confiance depuis nos d\u00e9buts\u00a0<\/p>\n<\/div>\n<\/div>\n<div id=\"comp-k8cwppv9\" class=\"style-k71m9rhd\" data-svg-id=\"06f469158f5346a3be7e4100e38370cd.svg\" data-svg-type=\"shape\" data-display-mode=\"stretch\" data-strokewidth=\"0\" data-viewbox=\"0 0 200 200\" data-preserve-viewbox=\"ignore\">\n<div id=\"comp-k8cwppv9link\" class=\"style-k71m9rhdlink\">\n<div id=\"comp-k8cwppv9svg\" class=\"style-k71m9rhd_comp-k8cwppv9 style-k71m9rhd_non-scaling-stroke style-k71m9rhdsvg\">\u00a0<\/div>\n<\/div>\n<\/div>\n<div id=\"comp-k71pniqp-rotated-wrapper\" data-mesh-internal=\"true\">\n<div id=\"comp-k71pniqp\" class=\"style-k71pniqy\" data-svg-id=\"d056319704ff4681ace04da1b153c69a.svg\" data-svg-type=\"shape\" data-display-mode=\"legacyFit\" data-strokewidth=\"0\" data-viewbox=\"0 0 200 200\" data-preserve-viewbox=\"ignore\" data-angle=\"180\" data-angle-style-location=\"style\">\n<div id=\"comp-k71pniqplink\" class=\"style-k71pniqylink\">\n<div id=\"comp-k71pniqpsvg\" class=\"style-k71pniqy_comp-k71pniqp style-k71pniqy_non-scaling-stroke style-k71pniqysvg\">\u00a0<\/div>\n<\/div>\n<\/div>\n<\/div>\n<\/div>\n<\/div>\n<\/div>\n<\/div>\n<\/div>\n<\/div>\n<div id=\"comp-k71pnir0\" class=\"mc1\" data-content-width=\"479\" data-is-mesh=\"true\">\n<div id=\"comp-k71pnir0container\" class=\"mc1container\">\n<div id=\"comp-k71pnir0balata\" class=\"mc1balata\" data-page-id=\"as5gq\" data-enable-video=\"true\" data-bg-effect-name=\"\" data-full-screen-height=\"\" data-media-type=\"\" data-use-clip-path=\"\" data-needs-clipping=\"\" data-wix-video-layout=\"true\">\n<div id=\"comp-k71pnir0balatabgcolor\" class=\"bgColor\">\u00a0<\/div>\n<\/div>\n<\/div>\n<\/div>    <\/div>\n<\/div>\n<!-- \/module text -->\n\t        <\/div>\n\t    \t<\/div>\n\t\t    <\/div>\n\t    <!-- \/row_inner -->\n\t<\/div>\n\t<!-- \/module_row -->\n\t\t<!-- module_row -->\n\t<div  class=\"themify_builder_row module_row clearfix module_row_2 themify_builder_2_row module_row_2-2 tb_gxwo659\">\n\t    \t    <div class=\"row_inner col_align_top\" >\n\t\t\t<div  class=\"module_column tb-column col-full first tb_2_column module_column_0 module_column_2-2-0 tb_2iln662\">\n\t    \t    \t        <div class=\"tb-column-inner\">\n\t\t    <!-- module text -->\n<div  class=\"module module-text tb_ipf8925    \">\n            <div  class=\"tb_text_wrap\">\n    <section id=\"comp-il58s2km\" class=\"strc1\" data-responsive=\"true\" data-is-screen-width=\"true\" data-col-margin=\"0\" data-row-margin=\"0\">\n<div id=\"comp-il58s2kminlineContent\" class=\"strc1inlineContent\">\n<div id=\"mediait2pzfwa1\" class=\"strc1\" data-content-width=\"980\" data-is-mesh=\"true\">\n<div id=\"mediait2pzfwa1inlineContent\" class=\"strc1inlineContent\">\n<div id=\"mediait2pzfwa1inlineContent-gridWrapper\" data-mesh-internal=\"true\">\n<div id=\"mediait2pzfwa1inlineContent-gridContainer\" data-mesh-internal=\"true\">\n<div id=\"comp-k71phmr3\" class=\"txtNew\" data-packed=\"true\" data-vertical-text=\"false\">\n<h3 class=\"font_6\" style=\"text-align: center;\">TMS France Sud r\u00e9pond aux besoins des mines, des carri\u00e8res, des travaux publics mais \u00e9galement des collectivit\u00e9s locales.<\/h3>\n<\/div>\n<div id=\"mediait2pzfwa1inlineContent-wedge-3\" data-mesh-internal=\"true\">\u00a0<\/div>\n<\/div>\n<\/div>\n<\/div>\n<\/div>\n<\/div>\n<\/section>\n<section id=\"comp-k71pniin\" class=\"strc1\" data-responsive=\"true\" data-col-margin=\"11\" data-row-margin=\"0\">\n<div id=\"comp-k71pniinbalata\" class=\"strc1balata\" data-page-id=\"as5gq\" data-enable-video=\"true\" data-bg-effect-name=\"\" data-full-screen-height=\"\" data-media-type=\"Image\" data-use-clip-path=\"\" data-needs-clipping=\"\" data-wix-video-layout=\"true\">\n<div id=\"comp-k71pniinbalatabgcolor\" class=\"bgColor\" style=\"text-align: center;\">\u00a0<\/div>\n<\/div>\n<\/section>    <\/div>\n<\/div>\n<!-- \/module text -->\n\t        <\/div>\n\t    \t<\/div>\n\t\t    <\/div>\n\t    <!-- \/row_inner -->\n\t<\/div>\n\t<!-- \/module_row -->\n\t<\/div>\n\n","protected":false},"excerpt":{"rendered":"<p>Merci pour votre confiance Groupe de travaux publics Depuis 2017, NGE a su nous faire confiance et continue de nous suivre depuis tant d&rsquo;ann\u00e9es.\u00a0 \u00a0 \u00a0 \u00a0 Groupe de constructions et concessions \u00a0 Eiffage Construction nous suit depuis 2017 et nous fait confiance depuis nos d\u00e9buts\u00a0 \u00a0 \u00a0 \u00a0 TMS France Sud r\u00e9pond aux besoins [&hellip;]<\/p>\n","protected":false},"author":1,"featured_media":0,"parent":0,"menu_order":0,"comment_status":"closed","ping_status":"closed","template":"","meta":{"footnotes":""},"class_list":["post-2","page","type-page","status-publish","hentry","has-post-title","has-post-date","has-post-category","has-post-tag","has-post-comment","has-post-author",""],"yoast_head":"<!-- This site is optimized with the Yoast SEO plugin v17.7.1 - https:\/\/yoast.com\/wordpress\/plugins\/seo\/ -->\n<title>Client\u00e8le - TMSFranceSud<\/title>\n<meta name=\"robots\" content=\"index, follow, max-snippet:-1, max-image-preview:large, max-video-preview:-1\" \/>\n<link rel=\"canonical\" href=\"https:\/\/tmsfrancesud.fr\/index.php\/clientele\/\" \/>\n<meta property=\"og:locale\" content=\"fr_FR\" \/>\n<meta property=\"og:type\" content=\"article\" \/>\n<meta property=\"og:title\" content=\"Client\u00e8le - TMSFranceSud\" \/>\n<meta property=\"og:description\" content=\"Merci pour votre confiance Groupe de travaux publics Depuis 2017, NGE a su nous faire confiance et continue de nous suivre depuis tant d&rsquo;ann\u00e9es.\u00a0 \u00a0 \u00a0 \u00a0 Groupe de constructions et concessions \u00a0 Eiffage Construction nous suit depuis 2017 et nous fait confiance depuis nos d\u00e9buts\u00a0 \u00a0 \u00a0 \u00a0 TMS France Sud r\u00e9pond aux besoins [&hellip;]\" \/>\n<meta property=\"og:url\" content=\"https:\/\/tmsfrancesud.fr\/index.php\/clientele\/\" \/>\n<meta property=\"og:site_name\" content=\"TMSFranceSud\" \/>\n<meta property=\"article:modified_time\" content=\"2020-07-03T11:56:03+00:00\" \/>\n<meta property=\"og:image\" content=\"https:\/\/tmsfrancesud.fr\/wp-content\/uploads\/2020\/07\/1024px-Logo-NGE.svg-1024x510-301x150.png\" \/>\n<meta name=\"twitter:card\" content=\"summary_large_image\" \/>\n<script type=\"application\/ld+json\" class=\"yoast-schema-graph\">{\"@context\":\"https:\/\/schema.org\",\"@graph\":[{\"@type\":\"WebSite\",\"@id\":\"https:\/\/tmsfrancesud.fr\/#website\",\"url\":\"https:\/\/tmsfrancesud.fr\/\",\"name\":\"TMSFranceSud\",\"description\":\"Vente de pi\\u00e8ces d\\u00e9tach\\u00e9es pour engins de terrassement, mines et carri\\u00e8res\",\"potentialAction\":[{\"@type\":\"SearchAction\",\"target\":{\"@type\":\"EntryPoint\",\"urlTemplate\":\"https:\/\/tmsfrancesud.fr\/?s={search_term_string}\"},\"query-input\":\"required name=search_term_string\"}],\"inLanguage\":\"fr-FR\"},{\"@type\":\"ImageObject\",\"@id\":\"https:\/\/tmsfrancesud.fr\/index.php\/clientele\/#primaryimage\",\"inLanguage\":\"fr-FR\",\"url\":\"https:\/\/tmsfrancesud.fr\/wp-content\/uploads\/2020\/07\/1024px-Logo-NGE.svg.png\",\"contentUrl\":\"https:\/\/tmsfrancesud.fr\/wp-content\/uploads\/2020\/07\/1024px-Logo-NGE.svg.png\",\"width\":1024,\"height\":510},{\"@type\":\"WebPage\",\"@id\":\"https:\/\/tmsfrancesud.fr\/index.php\/clientele\/#webpage\",\"url\":\"https:\/\/tmsfrancesud.fr\/index.php\/clientele\/\",\"name\":\"Client\\u00e8le - TMSFranceSud\",\"isPartOf\":{\"@id\":\"https:\/\/tmsfrancesud.fr\/#website\"},\"primaryImageOfPage\":{\"@id\":\"https:\/\/tmsfrancesud.fr\/index.php\/clientele\/#primaryimage\"},\"datePublished\":\"2020-07-01T10:56:18+00:00\",\"dateModified\":\"2020-07-03T11:56:03+00:00\",\"breadcrumb\":{\"@id\":\"https:\/\/tmsfrancesud.fr\/index.php\/clientele\/#breadcrumb\"},\"inLanguage\":\"fr-FR\",\"potentialAction\":[{\"@type\":\"ReadAction\",\"target\":[\"https:\/\/tmsfrancesud.fr\/index.php\/clientele\/\"]}]},{\"@type\":\"BreadcrumbList\",\"@id\":\"https:\/\/tmsfrancesud.fr\/index.php\/clientele\/#breadcrumb\",\"itemListElement\":[{\"@type\":\"ListItem\",\"position\":1,\"name\":\"Accueil\",\"item\":\"https:\/\/tmsfrancesud.fr\/\"},{\"@type\":\"ListItem\",\"position\":2,\"name\":\"Client\\u00e8le\"}]}]}<\/script>\n<!-- \/ Yoast SEO plugin. -->","yoast_head_json":{"title":"Client\u00e8le - TMSFranceSud","robots":{"index":"index","follow":"follow","max-snippet":"max-snippet:-1","max-image-preview":"max-image-preview:large","max-video-preview":"max-video-preview:-1"},"canonical":"https:\/\/tmsfrancesud.fr\/index.php\/clientele\/","og_locale":"fr_FR","og_type":"article","og_title":"Client\u00e8le - TMSFranceSud","og_description":"Merci pour votre confiance Groupe de travaux publics Depuis 2017, NGE a su nous faire confiance et continue de nous suivre depuis tant d&rsquo;ann\u00e9es.\u00a0 \u00a0 \u00a0 \u00a0 Groupe de constructions et concessions \u00a0 Eiffage Construction nous suit depuis 2017 et nous fait confiance depuis nos d\u00e9buts\u00a0 \u00a0 \u00a0 \u00a0 TMS France Sud r\u00e9pond aux besoins [&hellip;]","og_url":"https:\/\/tmsfrancesud.fr\/index.php\/clientele\/","og_site_name":"TMSFranceSud","article_modified_time":"2020-07-03T11:56:03+00:00","og_image":[{"url":"https:\/\/tmsfrancesud.fr\/wp-content\/uploads\/2020\/07\/1024px-Logo-NGE.svg-1024x510-301x150.png"}],"twitter_card":"summary_large_image","schema":{"@context":"https:\/\/schema.org","@graph":[{"@type":"WebSite","@id":"https:\/\/tmsfrancesud.fr\/#website","url":"https:\/\/tmsfrancesud.fr\/","name":"TMSFranceSud","description":"Vente de pi\u00e8ces d\u00e9tach\u00e9es pour engins de terrassement, mines et carri\u00e8res","potentialAction":[{"@type":"SearchAction","target":{"@type":"EntryPoint","urlTemplate":"https:\/\/tmsfrancesud.fr\/?s={search_term_string}"},"query-input":"required name=search_term_string"}],"inLanguage":"fr-FR"},{"@type":"ImageObject","@id":"https:\/\/tmsfrancesud.fr\/index.php\/clientele\/#primaryimage","inLanguage":"fr-FR","url":"https:\/\/tmsfrancesud.fr\/wp-content\/uploads\/2020\/07\/1024px-Logo-NGE.svg.png","contentUrl":"https:\/\/tmsfrancesud.fr\/wp-content\/uploads\/2020\/07\/1024px-Logo-NGE.svg.png","width":1024,"height":510},{"@type":"WebPage","@id":"https:\/\/tmsfrancesud.fr\/index.php\/clientele\/#webpage","url":"https:\/\/tmsfrancesud.fr\/index.php\/clientele\/","name":"Client\u00e8le - TMSFranceSud","isPartOf":{"@id":"https:\/\/tmsfrancesud.fr\/#website"},"primaryImageOfPage":{"@id":"https:\/\/tmsfrancesud.fr\/index.php\/clientele\/#primaryimage"},"datePublished":"2020-07-01T10:56:18+00:00","dateModified":"2020-07-03T11:56:03+00:00","breadcrumb":{"@id":"https:\/\/tmsfrancesud.fr\/index.php\/clientele\/#breadcrumb"},"inLanguage":"fr-FR","potentialAction":[{"@type":"ReadAction","target":["https:\/\/tmsfrancesud.fr\/index.php\/clientele\/"]}]},{"@type":"BreadcrumbList","@id":"https:\/\/tmsfrancesud.fr\/index.php\/clientele\/#breadcrumb","itemListElement":[{"@type":"ListItem","position":1,"name":"Accueil","item":"https:\/\/tmsfrancesud.fr\/"},{"@type":"ListItem","position":2,"name":"Client\u00e8le"}]}]}},"builder_content":"<h3 style=\"text-align: center;\">Merci pour votre confiance<\/h3>\n<img decoding=\"async\" src=\"https:\/\/tmsfrancesud.fr\/wp-content\/uploads\/2020\/07\/1024px-Logo-NGE.svg-1024x510-301x150.png\" height=\"150\" title=\"1024px-Logo-NGE.svg\" alt=\"1024px-Logo-NGE.svg\" srcset=\"https:\/\/tmsfrancesud.fr\/wp-content\/uploads\/2020\/07\/1024px-Logo-NGE.svg-1024x510-301x150.png 301w, https:\/\/tmsfrancesud.fr\/wp-content\/uploads\/2020\/07\/1024px-Logo-NGE.svg-300x149.png 300w, https:\/\/tmsfrancesud.fr\/wp-content\/uploads\/2020\/07\/1024px-Logo-NGE.svg-768x383.png 768w, https:\/\/tmsfrancesud.fr\/wp-content\/uploads\/2020\/07\/1024px-Logo-NGE.svg.png 1024w\" sizes=\"(max-width: 301px) 100vw, 301px\" \/>\n<h3 style=\"text-align: center;\">Groupe de travaux publics<\/h3> <p style=\"text-align: center;\">Depuis 2017, NGE a su nous faire confiance et continue de nous suivre depuis tant d'ann\u00e9es.\u00a0<\/p>\n\u00a0\n\u00a0\n\u00a0\n<img decoding=\"async\" src=\"https:\/\/tmsfrancesud.fr\/wp-content\/uploads\/2020\/07\/Logo_Eiffage_Construction-386x150.png\" height=\"150\" title=\"Logo_Eiffage_Construction\" alt=\"Logo_Eiffage_Construction\" srcset=\"https:\/\/tmsfrancesud.fr\/wp-content\/uploads\/2020\/07\/Logo_Eiffage_Construction-386x150.png 386w, https:\/\/tmsfrancesud.fr\/wp-content\/uploads\/2020\/07\/Logo_Eiffage_Construction-300x117.png 300w, https:\/\/tmsfrancesud.fr\/wp-content\/uploads\/2020\/07\/Logo_Eiffage_Construction.png 332w\" sizes=\"(max-width: 386px) 100vw, 386px\" \/>\n<h4 style=\"text-align: center;\">Groupe de constructions et concessions<\/h4>\n\u00a0 <p style=\"text-align: center;\">Eiffage Construction nous suit depuis 2017 et nous fait confiance depuis nos d\u00e9buts\u00a0<\/p>\n\u00a0\n\u00a0\n\u00a0\n<section id=\"comp-il58s2km\" data-responsive=\"true\" data-is-screen-width=\"true\" data-col-margin=\"0\" data-row-margin=\"0\">\n<h3 style=\"text-align: center;\">TMS France Sud r\u00e9pond aux besoins des mines, des carri\u00e8res, des travaux publics mais \u00e9galement des collectivit\u00e9s locales.<\/h3>\n\u00a0\n<\/section> <section id=\"comp-k71pniin\" data-responsive=\"true\" data-col-margin=\"11\" data-row-margin=\"0\">\n\u00a0\n<\/section>","_links":{"self":[{"href":"https:\/\/tmsfrancesud.fr\/index.php\/wp-json\/wp\/v2\/pages\/2","targetHints":{"allow":["GET"]}}],"collection":[{"href":"https:\/\/tmsfrancesud.fr\/index.php\/wp-json\/wp\/v2\/pages"}],"about":[{"href":"https:\/\/tmsfrancesud.fr\/index.php\/wp-json\/wp\/v2\/types\/page"}],"author":[{"embeddable":true,"href":"https:\/\/tmsfrancesud.fr\/index.php\/wp-json\/wp\/v2\/users\/1"}],"replies":[{"embeddable":true,"href":"https:\/\/tmsfrancesud.fr\/index.php\/wp-json\/wp\/v2\/comments?post=2"}],"version-history":[{"count":6,"href":"https:\/\/tmsfrancesud.fr\/index.php\/wp-json\/wp\/v2\/pages\/2\/revisions"}],"predecessor-version":[{"id":106,"href":"https:\/\/tmsfrancesud.fr\/index.php\/wp-json\/wp\/v2\/pages\/2\/revisions\/106"}],"wp:attachment":[{"href":"https:\/\/tmsfrancesud.fr\/index.php\/wp-json\/wp\/v2\/media?parent=2"}],"curies":[{"name":"wp","href":"https:\/\/api.w.org\/{rel}","templated":true}]}}